{"id":110,"date":"2024-03-26T22:59:17","date_gmt":"2024-03-26T21:59:17","guid":{"rendered":"https:\/\/reasoning.rgf.bg.ac.rs\/?page_id=110"},"modified":"2024-11-10T10:24:12","modified_gmt":"2024-11-10T09:24:12","slug":"stefan-petrovic","status":"publish","type":"page","link":"https:\/\/reasoning.rgf.bg.ac.rs\/?page_id=110","title":{"rendered":"Stefan Petrovi\u0107"},"content":{"rendered":"\n<p>Mr Stefan Petrovi\u0107 je doktorant sa ekspertizom u oblasti ekonomske geologije, posebno u analiti\u010dkim metodama kao \u0161to su inkluzije fluida, Ramanova spektroskopija i 3D modeliranje le\u017ei\u0161ta. Ve\u0107 je po\u010deo da radi na doktoratu vezanom za le\u017ei\u0161te Rudnik. Kao stipendista CEEPUS mre\u017ee obavio je vi\u0161e nau\u010dnih praksi i ispitivanja fluidnih inkluzija (Fluid Inclusion Microthermometri Method, RAMAN Spectroscopi) i elemenata u tragovima u rudama (SEM-EDS, EPMA i LA-ICP-MS metode) na Univerzitetu. iz Leobena (Austrija). U\u010desnik je projekta N176016: Magmatizam i geodinamika Balkanskog poluostrva od mezozoika do danas: zna\u010daj za formiranje le\u017ei\u0161ta metalnih i nemetalnih ruda koji finansira Ministarstvo nauke Republike Srbije. Objavio je vi\u0161e nau\u010dnih radova (kategorija M51)<\/p>\n","protected":false},"excerpt":{"rendered":"<p>Mr Stefan Petrovi\u0107 je doktorant sa ekspertizom u oblasti ekonomske geologije, posebno u analiti\u010dkim metodama kao \u0161to su inkluzije fluida, Ramanova spektroskopija i 3D modeliranje le\u017ei\u0161ta. Ve\u0107 je po\u010deo da radi na doktoratu vezanom za le\u017ei\u0161te Rudnik. Kao stipendista CEEPUS mre\u017ee obavio je vi\u0161e nau\u010dnih praksi i ispitivanja fluidnih inkluzija (Fluid Inclusion Microthermometri Method, RAMAN &hellip; <\/p>\n<p class=\"link-more\"><a href=\"https:\/\/reasoning.rgf.bg.ac.rs\/?page_id=110\" class=\"more-link\">\u041d\u0430\u0441\u0442\u0430\u0432\u0438 \u0441\u0430 \u0447\u0438\u0442\u0430\u045a\u0435\u043c<span class=\"screen-reader-text\"> &#8222;Stefan Petrovi\u0107&#8220;<\/span><\/a><\/p>\n","protected":false},"author":1,"featured_media":0,"parent":0,"menu_order":0,"comment_status":"closed","ping_status":"closed","template":"","meta":{"footnotes":""},"class_list":["post-110","page","type-page","status-publish","hentry"],"_links":{"self":[{"href":"https:\/\/reasoning.rgf.bg.ac.rs\/index.php?rest_route=\/wp\/v2\/pages\/110","targetHints":{"allow":["GET"]}}],"collection":[{"href":"https:\/\/reasoning.rgf.bg.ac.rs\/index.php?rest_route=\/wp\/v2\/pages"}],"about":[{"href":"https:\/\/reasoning.rgf.bg.ac.rs\/index.php?rest_route=\/wp\/v2\/types\/page"}],"author":[{"embeddable":true,"href":"https:\/\/reasoning.rgf.bg.ac.rs\/index.php?rest_route=\/wp\/v2\/users\/1"}],"replies":[{"embeddable":true,"href":"https:\/\/reasoning.rgf.bg.ac.rs\/index.php?rest_route=%2Fwp%2Fv2%2Fcomments&post=110"}],"version-history":[{"count":2,"href":"https:\/\/reasoning.rgf.bg.ac.rs\/index.php?rest_route=\/wp\/v2\/pages\/110\/revisions"}],"predecessor-version":[{"id":575,"href":"https:\/\/reasoning.rgf.bg.ac.rs\/index.php?rest_route=\/wp\/v2\/pages\/110\/revisions\/575"}],"wp:attachment":[{"href":"https:\/\/reasoning.rgf.bg.ac.rs\/index.php?rest_route=%2Fwp%2Fv2%2Fmedia&parent=110"}],"curies":[{"name":"wp","href":"https:\/\/api.w.org\/{rel}","templated":true}]}}