{"id":118,"date":"2024-03-26T22:59:17","date_gmt":"2024-03-26T21:59:17","guid":{"rendered":"https:\/\/reasoning.rgf.bg.ac.rs\/?page_id=118"},"modified":"2025-05-08T22:24:11","modified_gmt":"2025-05-08T20:24:11","slug":"dragana-marilovic","status":"publish","type":"page","link":"https:\/\/reasoning.rgf.bg.ac.rs\/?page_id=118","title":{"rendered":"Dragana Marilovi\u0107"},"content":{"rendered":"\n<figure class=\"wp-block-image size-full\"><img loading=\"lazy\" decoding=\"async\" width=\"213\" height=\"270\" src=\"https:\/\/reasoning.rgf.bg.ac.rs\/wp-content\/uploads\/2025\/05\/Dragana-Marilovic.jpg\" alt=\"\" class=\"wp-image-827\"\/><\/figure>\n\n\n\n<p>Biografija ukratko:<\/p>\n\n\n\n<p>Ro\u0111ena 28. Jula 1992. godine u Majdanpeku, osnovne i master studije zavr\u0161ila je na Tehni\u010dkom fakultetu u Boru Univerziteta u Beogradu, smer Rudarsko in\u017eenjerstvo. \u0160kolske 2017\/2018. godine upisala je doktorske studije u istoj oblasti. U okviru svoje doktorske disertacije bavi se istra\u017eivanjem lu\u017eenja primarnih i sekundarnih sirovina. Od 2016. godine zaposlena je na Tehni\u010dkom fakultetu u Boru, Univerziteta u Beogradu, na katedri za Mineralne i recikla\u017ene tehnologije. Trenutno je u zvanju asistenta.<\/p>\n\n\n\n<p>Oblast istra\u017eivanja: Lu\u017eenje primarnih i sekundarnih sirovina<\/p>\n\n\n\n<p>U\u010de\u0161\u0107e na projektima: \/<\/p>\n\n\n\n<p>Relevantni radovi:<\/p>\n\n\n\n<p>G. D. Bogdanovi\u0107, D. Marilovi\u0107, B. Nikoli\u0107, S. J. Petrovi\u0107, Column leaching of low-grade copper sulfide ore&nbsp; with sulfuric acid, XV International Mineral Processing and Recycling Conference, 17-19 May 2023, Belgrade, Serbia, Editors: Prof. Dr Jovica Sokolovi\u0107, Prof. Dr Milan Trumi\u0107; ISBN 978-86-6305-133-1; 230-234;<\/p>\n\n\n\n<p>Dragana Marilovic, Grozdanka Bogdanovic, Sanja Petrovic, Leaching of flotation tailings with a solution of sulfuric acid and ionic liquid, The 54th International October Conference on Mining and Metallurgy 18-21 October 2023, Bor Lake, Serbia; Editors: Prof. dr Ljubi\u0161a Balanovi\u0107, Prof. dr Dejan Taniki\u0107 ISBN 978-86-6305-140-9; 456-459;<\/p>\n\n\n\n<p>Dragana Marilovi\u0107, Grozdanka Bogdanovi\u0107, Leaching of flotation tailings with a sulfuric acid and an ionic liquid in the presence of hydrogen peroxide, The 55th International October Conference on&nbsp; Mining and Metallurgy 15 &#8211; 17 October 2024, Kladovo, Serbia, Editor: Ana Kostov, 335-338<\/p>\n","protected":false},"excerpt":{"rendered":"<p>Biografija ukratko: Ro\u0111ena 28. Jula 1992. godine u Majdanpeku, osnovne i master studije zavr\u0161ila je na Tehni\u010dkom fakultetu u Boru Univerziteta u Beogradu, smer Rudarsko in\u017eenjerstvo. \u0160kolske 2017\/2018. godine upisala je doktorske studije u istoj oblasti. U okviru svoje doktorske disertacije bavi se istra\u017eivanjem lu\u017eenja primarnih i sekundarnih sirovina. Od 2016. godine zaposlena je na &hellip; <\/p>\n<p class=\"link-more\"><a href=\"https:\/\/reasoning.rgf.bg.ac.rs\/?page_id=118\" class=\"more-link\">\u041d\u0430\u0441\u0442\u0430\u0432\u0438 \u0441\u0430 \u0447\u0438\u0442\u0430\u045a\u0435\u043c<span class=\"screen-reader-text\"> &#8222;Dragana Marilovi\u0107&#8220;<\/span><\/a><\/p>\n","protected":false},"author":1,"featured_media":0,"parent":0,"menu_order":0,"comment_status":"closed","ping_status":"closed","template":"","meta":{"footnotes":""},"class_list":["post-118","page","type-page","status-publish","hentry"],"_links":{"self":[{"href":"https:\/\/reasoning.rgf.bg.ac.rs\/index.php?rest_route=\/wp\/v2\/pages\/118","targetHints":{"allow":["GET"]}}],"collection":[{"href":"https:\/\/reasoning.rgf.bg.ac.rs\/index.php?rest_route=\/wp\/v2\/pages"}],"about":[{"href":"https:\/\/reasoning.rgf.bg.ac.rs\/index.php?rest_route=\/wp\/v2\/types\/page"}],"author":[{"embeddable":true,"href":"https:\/\/reasoning.rgf.bg.ac.rs\/index.php?rest_route=\/wp\/v2\/users\/1"}],"replies":[{"embeddable":true,"href":"https:\/\/reasoning.rgf.bg.ac.rs\/index.php?rest_route=%2Fwp%2Fv2%2Fcomments&post=118"}],"version-history":[{"count":4,"href":"https:\/\/reasoning.rgf.bg.ac.rs\/index.php?rest_route=\/wp\/v2\/pages\/118\/revisions"}],"predecessor-version":[{"id":829,"href":"https:\/\/reasoning.rgf.bg.ac.rs\/index.php?rest_route=\/wp\/v2\/pages\/118\/revisions\/829"}],"wp:attachment":[{"href":"https:\/\/reasoning.rgf.bg.ac.rs\/index.php?rest_route=%2Fwp%2Fv2%2Fmedia&parent=118"}],"curies":[{"name":"wp","href":"https:\/\/api.w.org\/{rel}","templated":true}]}}