{"id":91,"date":"2024-03-26T22:33:01","date_gmt":"2024-03-26T21:33:01","guid":{"rendered":"https:\/\/reasoning.rgf.bg.ac.rs\/?page_id=91"},"modified":"2025-04-22T20:57:11","modified_gmt":"2025-04-22T18:57:11","slug":"dr-vladimir-simic","status":"publish","type":"page","link":"https:\/\/reasoning.rgf.bg.ac.rs\/?page_id=91","title":{"rendered":"dr Vladimir Simi\u0107"},"content":{"rendered":"\n<figure class=\"wp-block-image size-full is-resized\"><img loading=\"lazy\" decoding=\"async\" width=\"150\" height=\"188\" src=\"https:\/\/reasoning.rgf.bg.ac.rs\/wp-content\/uploads\/2024\/04\/Vladimir-Simic-1.jpg\" alt=\"\" class=\"wp-image-155\" style=\"width:285px;height:auto\"\/><\/figure>\n\n\n\n<p>Biografija ukratko:<\/p>\n\n\n\n<p>Vladimir Simi\u0107 ro\u0111en je 27.10.1961. godine u Beogradu. Na Rudarsko-geolo\u0161kom fakultetu Univerziteta u Beogradu diplomirao je 1987. godine na Smeru za Istra\u017eivanje le\u017ei\u0161ta mineralnih sirovina. Nakon diplomiranja radio je u Rudarskom Institutu iz Zemuna na ra\u010dunarskoj obradi i modeliranju le\u017ei\u0161ta mineralnih sirovina. U periodu 1988-1990. godine je bio u stalnom radnom odnosu u GEOZAVODU iz Beograda, Grupa za nemetale, gde je radio na istra\u017eivanju razli\u010ditih nemetali\u010dnih mineralnih sirovina. Od 1990. godine nalazi se u stalnom radnom odnosu na Rudarsko-geolo\u0161kom fakultetu Univerziteta u Beogradu.<\/p>\n\n\n\n<p>Magistarski rad ovom &#8222;MINERAGENIJA VATROSTALNO-KERAMI\u010cKIH GLINA ARAN\u0110ELOVA\u010cKOG TERCIJARNOG BASENA&#8220; odbranio je na istom fakultetu 1992., a doktorsku disertaciju &#8222;PROGNOZNA OCENA RESURSA KAOLINITSKIH GLINA U SEDIMENTNIM BASENIMA SRBIJE&#8220; odbranio je 2004. godine. Za docenta je izabran 2005., za vanrednog profesora 2010., a za redovnog profesora 2015. godine.<\/p>\n\n\n\n<p>Dr Vladimir Simi\u0107 je bio u\u010desnik na realizaciji 5 nau\u010dnih projekata koji su tretirali problematiku mineragenije i prognozne ocene nemetali\u010dnih mineralnih resursa i fosilnih goriva, kao i vi\u0161e desetina stru\u010dnih studija, projekata, izve\u0161taja i elaborata iz navedene problematike. Vladimir Simi\u0107 bio je rukovodilac srpskog tima u \u0161est me\u0111unarodnih projekata. \u010clan je: Srpskog geolo\u0161kog dru\u0161tva; Srpskog gemolo\u0161kog dru\u0161tva GEMS (predsednik dru\u0161tva); Zeolitskog dru\u0161tva Srbije (predsednik upravnog odbora); Me\u0111unarodne asocijacije za prirodne zeolite &#8211; International Natural Zeolite Association (INZA) i Me\u0111unarodne asocijacije sedimentologa &#8211; International Association of Sedimentologists.<\/p>\n\n\n\n<p>Oblast istra\u017eivanja:<\/p>\n\n\n\n<ul class=\"wp-block-list\">\n<li>Geologija i geneza nemetali\u010dnih mineralnih sirovina;<\/li>\n\n\n\n<li>Metodi istra\u017eivanja u ekonomskoj geologiji;<\/li>\n\n\n\n<li>Analiti\u010dki metodi u ekonomskoj geologiji;<\/li>\n\n\n\n<li>Geohemija mineralnih sirovina<\/li>\n<\/ul>\n\n\n\n<p>U\u010de\u0161\u0107e na projektima:<\/p>\n\n\n\n<ul class=\"wp-block-list\">\n<li>SUSTAINABLE AGGREGATE RESOURCES MANAGEMENT (SARMa), 2009-2012, EU Project, Serbian team leader.<\/li>\n\n\n\n<li>INVESTIGATION OF PROCESSSING PLANT AT MOJKOVAC, MONTENEGRO, 2010 (UNDP Montenegro, team member)<\/li>\n\n\n\n<li>INNOVATIVE FUNCTIONAL MINERALS FOR THE PLASTICS INDUSTRY &#8211; Min4k, 2011-2013, Austrian Funding Agency \u2013 FFG, EU Project, Serbian team leader<\/li>\n\n\n\n<li>SUSTAINABLE AGGREGATES PLANNING IN SOUTH EAST EUROPE (SNAP-SEE), 2012-2014, EU Project, Serbian team leader.<\/li>\n\n\n\n<li>MINERAL DEPOSITS OF PUBLIC IMPORTANCE (MINATURA2020), 2015-2018, EU HORIZON 2020 Project, Serbian team leader.<\/li>\n\n\n\n<li>MINERAL POTENTIAL OF THE ESEE (RESEERVE), EIT RawMaterials GmbH, 2018-2021, Serbian team leader.<\/li>\n\n\n\n<li>MINERAL DEPOSITS SAFEGUARDING AS A BASIS OF EUROPE&#8217;S MINERAL RAW MATERIALS SAFETY (SafeMin4Europe), National Academic Exchange Agency of Poland (NAWA), 2019-2022, Serbian team leader.<\/li>\n<\/ul>\n\n\n\n<p>Relevantni radovi:<\/p>\n\n\n\n<p>Simi\u0107, V., Miladinovi\u0107, Z., \u0160ari\u0107, K., Andri\u0107Toma\u0161evi\u0107, N., Vukovi\u0107, N., Kond\u017eulovi\u0107, R. (2022). Listvenite as gemstone: the Antina \u010cuka occurrence (Eastern Serbia). Acta Montanistica Slovaca, Volume 27 (4), 1007-1016, https:\/\/doi.org\/10.46544\/AMS.v27i4.14<\/p>\n\n\n\n<p>Radusinovi\u0107 S., Jelenkovi\u0107 R., Pa\u010devski A., Simi\u0107 V., Bo\u017eovi\u0107 D., Holclajtner-Antunovi\u0107 I., \u017divoti\u0107 D., 2017: Content and mode of occurrences of rare earth elements in the Zagrad karstic bauxite deposit (Nik\u0161i\u0107 area, Montenegro). Ore Geology Reviews, 80, 406-428. Geology (2\/47); IF2015 &#8211; 3.819, ISSN: 0169-1368, Publisher: Elsevier, http:\/\/dx.doi.org\/10.1016\/j.oregeorev.2016.05.026<\/p>\n\n\n\n<p>Andrzej Ga\u0142a\u015b, Alicja Kot-Niewiadomska, Vladimir Simi\u0107, Michael Tost, Linda W\u00e5rell, Sl\u00e1vka Ga\u0142a\u015b, 2023: A comparative case-study on social and public administration aspects on mineral deposits safeguarding in chosen European countries. Resources Policy, Volume 85, Part B, 2023, 103863, IF2022 \u2013 10.2, ISSN 0301-4207, Publisher: Elsevier, https:\/\/doi.org\/10.1016\/j.resourpol.2023.103863<\/p>\n\n\n\n<p>Nevena Andri\u0107-Toma\u0161evi\u0107, Vladimir Simi\u0107, Dragana \u017divoti\u0107, Nenad Nikoli\u0107, Aleksandra Pavlovi\u0107, Tobias Kluge, Aratz Beranoaguirre, Jeroen Smit, Achim Bechtel, 2023: Tectonically induced travertine deposition in the Middle Miocene Leva\u010d intramountain basin (Central Serbia). Sedimentology, IF2022 &#8211; 3.5, ISSN: 1365-3091, Publisher: Wiley, https:\/\/doi.org\/10.1111\/sed.13171<\/p>\n\n\n\n<p>\u017divoti\u0107 D., Cvetkovi\u0107 O., Vuli\u0107 P., Gr\u017eeti\u0107 I., Simi\u0107 V., Ilijevi\u0107 K., Doj\u010dinovi\u0107 B., Eri\u0107 S., Radi\u0107 B., Stojadinovi\u0107 S., Trifunovi\u0107 S., 2019: Distribution of major and trace elements in the Kovin lignite (Serbia). Geologia Croatica, 72\/1, 51\u201379, https:\/\/doi.org\/10.4154\/gc.2019.06<\/p>\n\n\n\n<p>AbuSahmin F., Algellai A., Tomi\u0107 N., Vuksanovi\u0107 M.M., Majstorovi\u0107 J., Volkov Husovi\u0107 T., Simi\u0107 V., Jan\u010di\u0107 Heinemann R., Tolji\u0107 M., Kova\u010devi\u0107 J., 2020: Basalt-Polyester Hybrid Composite Materials for Demanding Wear Applications. Science of Sintering, 52, 1, 10 pp, https:\/\/doi.org\/ 10.2298\/SOS2001067A<\/p>\n\n\n\n<p>Andri\u0107-Toma\u0161evi\u0107 N., Simi\u0107 V., Mandic O., \u017divoti\u0107 D., Su\u00e1rez M., Garc\u00eda-Romero E., 2021: An arid phase in the Internal Dinarides during the early to middle Miocene: Inferences from Mg-clays in the Pranjani Basin (Serbia). Palaeogeography, Palaeoclimatology, Palaeoecology, 110-145, ISSN 0031-0182, <a href=\"https:\/\/doi.org\/10.1016\/j.palaeo.2020.110145\">https:\/\/doi.org\/10.1016\/j.palaeo.2020.110145<\/a>.<\/p>\n\n\n\n<p>Simi\u0107 V., Abramovi\u0107 F., Andri\u0107 N., Deli\u0107 I., Miladinovi\u0107 Z., \u017divoti\u0107 D., 2016: Need to Improve the Natural Aggregate Resources Supply in the City of Belgrade (Serbia). Acta Montanistica Slovaca, 21, 3, 191-199. IF2015 = 0.390, ISSN 1335-1788, http:\/\/actamont.tuke.sk\/pdf\/2016\/n3\/3simic.pdf, Publisher: Union of Metallurgy, Mining Industry and Geology of Slovak Republic, the Slovak Mining Society, the Faculty of Mining, Ecology, Process Control and Geotechnologies (FBERG) of the Technical University of Kosice (Slovakia), and the Faculty of Mining and Geology (HGF) of the VSB Technical University of Ostrava (Czech Republic).<\/p>\n\n\n\n<p>Ka\u0161i\u0107 \u0412., Simi\u0107 V., \u017divoti\u0107 D., Radosavljevi\u0107-Mihajlovi\u0107 A., Stojanovi\u0107 J., 2017: Mineralogy and crystallochemical characteristics of HEU-type minerals from zeolitic tuff deposits of Serbia. Hem. Ind. 71 (1) 49\u201360, DOI:10.2298\/HEMIND151019017K. IF2014 &#8211; 0.364, ISSN 2217-7426 (Online). Publisher: Savez hemijskih in\u017eenjera Srbije.<\/p>\n\n\n\n<p>Ka\u0161i\u0107 V., Mihajlovi\u0107 S., \u017divoti\u0107 D., Simi\u0107 V., Stojanovi\u0107 J., Sekuli\u0107 \u017d., Kragovi\u0107 M., 2018: Karakterizacija zeolitskog tufa iz le\u017ei\u0161ta \u201eIgro\u0161-Vidojevi\u0107i\u201c sa geolo\u0161kog i tehnolo\u0161kog aspekta. Hem. Ind. 72, 1, 29-37, doi:10.2298\/HEMIND170428015K<\/p>\n\n\n\n<p>Kot-Niewiadomska, A., Simi\u0107, V., Tost, M., W\u00e5rell, L. (2022). Public participation as an element of mineral deposit safeguarding system \u2013 international experiences. Gospodarka Surowcami Mineralnymi \u2013 Mineral Resources Management, 38, 4, 5-28. https:\/\/doi.org\/10.24425\/gsm.2022.143626<\/p>\n","protected":false},"excerpt":{"rendered":"<p>Biografija ukratko: Vladimir Simi\u0107 ro\u0111en je 27.10.1961. godine u Beogradu. Na Rudarsko-geolo\u0161kom fakultetu Univerziteta u Beogradu diplomirao je 1987. godine na Smeru za Istra\u017eivanje le\u017ei\u0161ta mineralnih sirovina. Nakon diplomiranja radio je u Rudarskom Institutu iz Zemuna na ra\u010dunarskoj obradi i modeliranju le\u017ei\u0161ta mineralnih sirovina. U periodu 1988-1990. godine je bio u stalnom radnom odnosu u &hellip; <\/p>\n<p class=\"link-more\"><a href=\"https:\/\/reasoning.rgf.bg.ac.rs\/?page_id=91\" class=\"more-link\">\u041d\u0430\u0441\u0442\u0430\u0432\u0438 \u0441\u0430 \u0447\u0438\u0442\u0430\u045a\u0435\u043c<span class=\"screen-reader-text\"> &#8222;dr Vladimir Simi\u0107&#8220;<\/span><\/a><\/p>\n","protected":false},"author":1,"featured_media":0,"parent":0,"menu_order":0,"comment_status":"closed","ping_status":"closed","template":"","meta":{"footnotes":""},"class_list":["post-91","page","type-page","status-publish","hentry"],"_links":{"self":[{"href":"https:\/\/reasoning.rgf.bg.ac.rs\/index.php?rest_route=\/wp\/v2\/pages\/91","targetHints":{"allow":["GET"]}}],"collection":[{"href":"https:\/\/reasoning.rgf.bg.ac.rs\/index.php?rest_route=\/wp\/v2\/pages"}],"about":[{"href":"https:\/\/reasoning.rgf.bg.ac.rs\/index.php?rest_route=\/wp\/v2\/types\/page"}],"author":[{"embeddable":true,"href":"https:\/\/reasoning.rgf.bg.ac.rs\/index.php?rest_route=\/wp\/v2\/users\/1"}],"replies":[{"embeddable":true,"href":"https:\/\/reasoning.rgf.bg.ac.rs\/index.php?rest_route=%2Fwp%2Fv2%2Fcomments&post=91"}],"version-history":[{"count":6,"href":"https:\/\/reasoning.rgf.bg.ac.rs\/index.php?rest_route=\/wp\/v2\/pages\/91\/revisions"}],"predecessor-version":[{"id":787,"href":"https:\/\/reasoning.rgf.bg.ac.rs\/index.php?rest_route=\/wp\/v2\/pages\/91\/revisions\/787"}],"wp:attachment":[{"href":"https:\/\/reasoning.rgf.bg.ac.rs\/index.php?rest_route=%2Fwp%2Fv2%2Fmedia&parent=91"}],"curies":[{"name":"wp","href":"https:\/\/api.w.org\/{rel}","templated":true}]}}